{"id":350,"date":"2024-07-18T12:30:07","date_gmt":"2024-07-18T10:30:07","guid":{"rendered":"https:\/\/becbec.fr\/?page_id=350"},"modified":"2024-08-05T13:47:59","modified_gmt":"2024-08-05T11:47:59","slug":"fiche-de-poste-cuisinier","status":"publish","type":"page","link":"https:\/\/becbec.fr\/index.php\/fiche-de-poste-cuisinier\/","title":{"rendered":"fiche de poste cuisinier"},"content":{"rendered":"\n<p><strong>Infos pratiques :<\/strong><\/p>\n\n\n\n<p><strong>Contrat<\/strong> : CDI 32h, 4 jours\/semaine, sans coupure<\/p>\n\n\n\n<p><strong>Repos<\/strong> : samedi, dimanche, lundi<\/p>\n\n\n\n<p><strong>Horaires<\/strong> : 15h-23h30<\/p>\n\n\n\n<p><strong>Quand<\/strong> : poste \u00e0 pourvoir en septembre<\/p>\n\n\n\n<p><strong>R\u00e9mun\u00e9ration<\/strong> selon profil<\/p>\n\n\n\n<p><strong>\u00c0 propos du poste :&nbsp;<\/strong><\/p>\n\n\n\n<p>Tu seras en charge du service du soir chez Becbec que tu effectueras en solo. Nous proposons des tapas de saison, avec une vari\u00e9t\u00e9 de pr\u00e9parations et des dressages et cuissons minute.<br>Tu t\u2019occupes donc de toute la mise en place concernant cette partie de la carte, ainsi qu\u2019une partie des p\u00e2tisseries et d\u2019un soutien sur le reste de la carte au besoin.\u00a0<br>A l\u2019ouverture, tu travailleras \u00e0 partir de fiches techniques afin de r\u00f4der la carte pendant quelques semaines. \u00c0 terme, nous souhaitons faire bouger cette carte en fonction de tes propositions, en collaboration avec Sophie, la cheffe de cuisine.\u00a0<br>Becbec c\u2019est la promesse d\u2019une cuisine simple mais savoureuse, qui s&rsquo;adapte aux saisons avec une approche cr\u00e9ative. Ici on cuisine des produits bruts, on met tous.tes la main \u00e0 la p\u00e2te et on est attentifs \u00e0 la qualit\u00e9 des assiettes envoy\u00e9es.<\/p>\n\n\n\n<p><strong>Profil recherch\u00e9 :&nbsp;<\/strong><\/p>\n\n\n\n<p>Une premi\u00e8re exp\u00e9rience en cuisine est fortement recommand\u00e9e, m\u00eame si nous restons ouverts \u00e0 tous les profils.<br>Nous cherchons une personne capable de g\u00e9rer seule un service. Le sang froid est donc une qualit\u00e9 requise, ainsi qu\u2019une capacit\u00e9 \u00e0 prendre des initiatives.<br>Le poste s\u2019effectue en solo, mais la communication est une comp\u00e9tence cl\u00e9, tant dans le travail avec la salle qu\u2019avec Sophie au sein de la cuisine o\u00f9 les informations doivent \u00eatre transmises de fa\u00e7on fluide.\u00a0<br>Nous cherchons avant tout une personne qui souhaite travailler dans un esprit d\u2019entraide et de coh\u00e9sion, avec l\u2019envie de suivre les tout d\u00e9buts d\u2019un projet avec ses rebondissements et ses d\u00e9fis.\u00a0<br>C\u2019est un poste dense, avec une vari\u00e9t\u00e9 de pr\u00e9parations qui n\u00e9cessite un bonne rapidit\u00e9 d\u2019ex\u00e9cution et une capacit\u00e9 \u00e0 prioriser ses t\u00e2ches.\u00a0<\/p>\n\n\n\n<p><br>Si tu penses correspondre \u00e0 ces crit\u00e8res, envoie nous ta candidature \u00e0 <a href=\"mailto:becbeclyon@gmail.com\">becbeclyon@gmail.com<\/a><\/p>\n\n\n\n<p>On a h\u00e2te de te lire !<\/p>\n","protected":false},"excerpt":{"rendered":"<p>Infos pratiques : Contrat : CDI 32h, 4 jours\/semaine, sans coupure Repos : samedi, dimanche, lundi Horaires : 15h-23h30 Quand [&hellip;]<\/p>\n","protected":false},"author":1,"featured_media":0,"parent":0,"menu_order":0,"comment_status":"closed","ping_status":"closed","template":"","meta":{"site-sidebar-layout":"default","site-content-layout":"","ast-site-content-layout":"","site-content-style":"default","site-sidebar-style":"default","ast-global-header-display":"","ast-banner-title-visibility":"","ast-main-header-display":"","ast-hfb-above-header-display":"","ast-hfb-below-header-display":"","ast-hfb-mobile-header-display":"","site-post-title":"","ast-breadcrumbs-content":"","ast-featured-img":"","footer-sml-layout":"","theme-transparent-header-meta":"","adv-header-id-meta":"","stick-header-meta":"","header-above-stick-meta":"","header-main-stick-meta":"","header-below-stick-meta":"","astra-migrate-meta-layouts":"default","ast-page-background-enabled":"default","ast-page-background-meta":{"desktop":{"background-color":"var(--ast-global-color-4)","background-image":"","background-repeat":"repeat","background-position":"center center","background-size":"auto","background-attachment":"scroll","background-type":"","background-media":"","overlay-type":"","overlay-color":"","overlay-opacity":"","overlay-gradient":""},"tablet":{"background-color":"","background-image":"","background-repeat":"repeat","background-position":"center center","background-size":"auto","background-attachment":"scroll","background-type":"","background-media":"","overlay-type":"","overlay-color":"","overlay-opacity":"","overlay-gradient":""},"mobile":{"background-color":"","background-image":"","background-repeat":"repeat","background-position":"center center","background-size":"auto","background-attachment":"scroll","background-type":"","background-media":"","overlay-type":"","overlay-color":"","overlay-opacity":"","overlay-gradient":""}},"ast-content-background-meta":{"desktop":{"background-color":"var(--ast-global-color-5)","background-image":"","background-repeat":"repeat","background-position":"center center","background-size":"auto","background-attachment":"scroll","background-type":"","background-media":"","overlay-type":"","overlay-color":"","overlay-opacity":"","overlay-gradient":""},"tablet":{"background-color":"var(--ast-global-color-5)","background-image":"","background-repeat":"repeat","background-position":"center center","background-size":"auto","background-attachment":"scroll","background-type":"","background-media":"","overlay-type":"","overlay-color":"","overlay-opacity":"","overlay-gradient":""},"mobile":{"background-color":"var(--ast-global-color-5)","background-image":"","background-repeat":"repeat","background-position":"center center","background-size":"auto","background-attachment":"scroll","background-type":"","background-media":"","overlay-type":"","overlay-color":"","overlay-opacity":"","overlay-gradient":""}},"footnotes":""},"class_list":["post-350","page","type-page","status-publish","hentry"],"_links":{"self":[{"href":"https:\/\/becbec.fr\/index.php\/wp-json\/wp\/v2\/pages\/350","targetHints":{"allow":["GET"]}}],"collection":[{"href":"https:\/\/becbec.fr\/index.php\/wp-json\/wp\/v2\/pages"}],"about":[{"href":"https:\/\/becbec.fr\/index.php\/wp-json\/wp\/v2\/types\/page"}],"author":[{"embeddable":true,"href":"https:\/\/becbec.fr\/index.php\/wp-json\/wp\/v2\/users\/1"}],"replies":[{"embeddable":true,"href":"https:\/\/becbec.fr\/index.php\/wp-json\/wp\/v2\/comments?post=350"}],"version-history":[{"count":6,"href":"https:\/\/becbec.fr\/index.php\/wp-json\/wp\/v2\/pages\/350\/revisions"}],"predecessor-version":[{"id":415,"href":"https:\/\/becbec.fr\/index.php\/wp-json\/wp\/v2\/pages\/350\/revisions\/415"}],"wp:attachment":[{"href":"https:\/\/becbec.fr\/index.php\/wp-json\/wp\/v2\/media?parent=350"}],"curies":[{"name":"wp","href":"https:\/\/api.w.org\/{rel}","templated":true}]}}